{"id":952,"date":"2020-01-01T01:49:34","date_gmt":"2020-01-01T00:49:34","guid":{"rendered":"https:\/\/www.fotezja.pl\/sklep\/?post_type=product&#038;p=952"},"modified":"2025-03-24T22:14:02","modified_gmt":"2025-03-24T21:14:02","slug":"fotobook-siedem-raw-ow-toskania","status":"publish","type":"product","link":"https:\/\/www.fotezja.pl\/sklep\/produkt\/fotobook-siedem-raw-ow-toskania\/","title":{"rendered":"Fotobook: Siedem RAW-\u00f3w: Toskania"},"content":{"rendered":"<h3>Przepisy na fotograficzn\u0105 Toskani\u0119<\/h3>\n<p>Siedem fotografii toska\u0144skich pejza\u017cy i architektury &#8211; zanim zdj\u0119cia poka\u017c\u0105 pe\u0142ni\u0119 urody w\u0142oskich krajobraz\u00f3w, potrzebna jest umiej\u0119tna edycja RAW-\u00f3w. Ten poradnik fotograficzny pokazuje krok po kroku proces wywo\u0142ania plik\u00f3w RAW w taki spos\u00f3b, aby wydoby\u0107 pe\u0142en potencja\u0142 sceny. Z t\u0105 instrukcj\u0105 z wywo\u0142aniem &#8220;cyfrowych negatyw\u00f3w&#8221; poradzi sobie ka\u017cdy! Opisuj\u0119 proces edycji zdj\u0119\u0107 z Toskanii krok po kroku, z wyja\u015bnieniami dzia\u0142ania u\u017cytych narz\u0119dzi edycyjnych, ze zwr\u00f3ceniem uwagi na potencjalne zagro\u017cenia i pu\u0142apki.  Do fotobooka do\u0142\u0105czone s\u0105 omawiane RAW-y &#8211; ka\u017cdy mo\u017ce je wi\u0119c sobie pobra\u0107 i prze\u0107wiczy\u0107 zaprezentowane lekcje.<\/p>\n<p>Jak poradzi\u0107 sobie ze zbyt niskim kontrastem, bladymi i spranymi kolorami? Jakimi narz\u0119dziami zwi\u0119ksza\u0107 intensywno\u015b\u0107 barw, by nie sta\u0142y si\u0119 nienaturalne? Jak ratowa\u0107 \u015bwiat\u0142a ulicznych latarni przed prze\u015bwietleniem? W jaki spos\u00f3b wyprostowa\u0107 zdj\u0119cie &#8220;przewracaj\u0105cego si\u0119&#8221; budynku? Co zrobi\u0107 ze zdj\u0119ciem przedstawiaj\u0105cym sceneri\u0119 we mgle? Te i inne zagadnienia przestan\u0105 by\u0107 zagadkami po lekturze fotobooka!<\/p>\n<h3>Edycja RAW-\u00f3w &#8211; na toska\u0144skich przyk\u0142adach<\/h3>\n<p>Zaprezentowana edycja zdj\u0119\u0107 zosta\u0142a przeprowadzona za pomoc\u0105 modu\u0142u wywo\u0142ywania RAW-\u00f3w Adobe, zawartym zar\u00f3wno w Photoshopie, jak i Lightroomie, w wersji obowi\u0105zuj\u0105cej od roku 2012 (tzw. Proces 2012). U\u017cyty tutaj program to Lightroom 5.7, ale ju\u017c od Lightrooma 4 sposoby wywo\u0142ywania b\u0119d\u0105 takie same. U\u017cytkownicy Photoshopa w wersji CS6 lub p\u00f3\u017aniejszej (czyli CC) maj\u0105 w swoim Camera Raw dok\u0142adnie te same narz\u0119dzia.<\/p>\n<p>\u017bycz\u0119 przyjemnej i po\u017cytecznej lektury!<\/p>\n<p><em>Uwaga! Fotobook zawiera odno\u015bniki do plik\u00f3w zdj\u0119\u0107, pozwalaj\u0105cych prze\u0107wiczy\u0107 zagadnienia edycyjne. Pobranie ich wymaga dost\u0119pu do internetu.<\/em><\/p>\n<h3>Fragment fotobooka &#8220;Siedem RAW-\u00f3w: Toskania&#8221;<\/h3>\n<p>Na portalu fotograficznym <a href=\"https:\/\/www.fotezja.pl\/\" target=\"_blank\" rel=\"noopener noreferrer\">Fotezja.pl<\/a> mo\u017cna przeczyta\u0107 rozdzia\u0142 &#8220;<a href=\"https:\/\/www.fotezja.pl\/edycja-zdjec\/raw-jak-z-bladego-zdjecia-zrobic-piekne\/\" target=\"_blank\" rel=\"noopener noreferrer\"><span style=\"color: #ff0000;\">RAW: jak z bladego zdj\u0119cia zrobi\u0107 pi\u0119kne<\/span><\/a>&#8220;.<\/p>\n<p>Mo\u017ce Ci\u0119 tak\u017ce zainteresowa\u0107 nasz poradnik &#8220;<a href=\"https:\/\/ewaipiotr.pl\/sklep\/produkt\/photoshop-dla-fotografa\/\"><strong>Photoshop dla fotografa<\/strong><\/a>&#8221;<\/p>\n<p><strong>45 stron, obj\u0119to\u015b\u0107 pliku 17 MB, ebook dostarczany w formie elektronicznej<br \/>\n<\/strong><\/p>\n<h3>Zobacz wybrane strony tego e-booka:<\/h3>\n<div id=\"jig1\" class=\"justified-image-grid jig-85538de089dfcc91ad4d687d248bc952 jig-preset-global jig-source-wp-gallery\"><div class=\"jig-clearfix\"><\/div><noscript id=\"jig1-html\" class=\"justified-image-grid-html\" data-lazy-src=\"skiplazyload\" data-src=\"skipunveillazyload\"><ul><li><a href=\"https:\/\/www.fotezja.pl\/sklep\/wp-content\/uploads\/sites\/5\/2020\/01\/siedemrawow_toskania_okladka.jpg\" title=\"siedemrawow_toskania_okladka\"><img fetchpriority=\"high\" decoding=\"async\" src=\"https:\/\/www.fotezja.pl\/sklep\/wp-content\/plugins\/justified-image-grid\/timthumb.php?src=https%3A%2F%2Fwww.fotezja.pl%2Fsklep%2Fwp-content%2Fuploads%2Fsites%2F5%2F2020%2F01%2Fsiedemrawow_toskania_okladka.jpg&amp;h=310&amp;q=90&amp;f=.jpg\" alt=\"siedemrawow_toskania_okladka\" width=\"495\" height=\"310\" \/><\/a><p class=\"jig-HTMLdescription\">siedemrawow_toskania_okladka<\/p><\/li><li><a href=\"https:\/\/www.fotezja.pl\/sklep\/wp-content\/uploads\/sites\/5\/2020\/01\/SiedemRawowToskania__0004_Warstwa-2.jpg\"><img decoding=\"async\" src=\"https:\/\/www.fotezja.pl\/sklep\/wp-content\/plugins\/justified-image-grid\/timthumb.php?src=https%3A%2F%2Fwww.fotezja.pl%2Fsklep%2Fwp-content%2Fuploads%2Fsites%2F5%2F2020%2F01%2FSiedemRawowToskania__0004_Warstwa-2.jpg&amp;h=310&amp;q=90&amp;f=.jpg\" alt=\"\" width=\"495\" height=\"310\" \/><\/a><\/li><li><a href=\"https:\/\/www.fotezja.pl\/sklep\/wp-content\/uploads\/sites\/5\/2020\/01\/SiedemRawowToskania__0003_Warstwa-3.jpg\"><img decoding=\"async\" src=\"https:\/\/www.fotezja.pl\/sklep\/wp-content\/plugins\/justified-image-grid\/timthumb.php?src=https%3A%2F%2Fwww.fotezja.pl%2Fsklep%2Fwp-content%2Fuploads%2Fsites%2F5%2F2020%2F01%2FSiedemRawowToskania__0003_Warstwa-3.jpg&amp;h=310&amp;q=90&amp;f=.jpg\" alt=\"\" width=\"495\" height=\"310\" \/><\/a><\/li><li><a href=\"https:\/\/www.fotezja.pl\/sklep\/wp-content\/uploads\/sites\/5\/2020\/01\/SiedemRawowToskania__0002_Warstwa-4.jpg\"><img loading=\"lazy\" decoding=\"async\" src=\"https:\/\/www.fotezja.pl\/sklep\/wp-content\/plugins\/justified-image-grid\/timthumb.php?src=https%3A%2F%2Fwww.fotezja.pl%2Fsklep%2Fwp-content%2Fuploads%2Fsites%2F5%2F2020%2F01%2FSiedemRawowToskania__0002_Warstwa-4.jpg&amp;h=310&amp;q=90&amp;f=.jpg\" alt=\"\" width=\"495\" height=\"310\" \/><\/a><\/li><li><a href=\"https:\/\/www.fotezja.pl\/sklep\/wp-content\/uploads\/sites\/5\/2020\/01\/SiedemRawowToskania__0001_Warstwa-5.jpg\"><img loading=\"lazy\" decoding=\"async\" src=\"https:\/\/www.fotezja.pl\/sklep\/wp-content\/plugins\/justified-image-grid\/timthumb.php?src=https%3A%2F%2Fwww.fotezja.pl%2Fsklep%2Fwp-content%2Fuploads%2Fsites%2F5%2F2020%2F01%2FSiedemRawowToskania__0001_Warstwa-5.jpg&amp;h=310&amp;q=90&amp;f=.jpg\" alt=\"\" width=\"495\" height=\"310\" \/><\/a><\/li><li><a href=\"https:\/\/www.fotezja.pl\/sklep\/wp-content\/uploads\/sites\/5\/2020\/01\/SiedemRawowToskania__0000_Warstwa-6.jpg\"><img loading=\"lazy\" decoding=\"async\" src=\"https:\/\/www.fotezja.pl\/sklep\/wp-content\/plugins\/justified-image-grid\/timthumb.php?src=https%3A%2F%2Fwww.fotezja.pl%2Fsklep%2Fwp-content%2Fuploads%2Fsites%2F5%2F2020%2F01%2FSiedemRawowToskania__0000_Warstwa-6.jpg&amp;h=310&amp;q=90&amp;f=.jpg\" alt=\"\" width=\"495\" height=\"310\" \/><\/a><\/li><\/ul><\/noscript><\/div>\n","protected":false},"excerpt":{"rendered":"<p>Autor: Ewa Prus<\/p>\n<p>Siedem plik\u00f3w RAW ze zdj\u0119ciami Toskanii, z kt\u00f3rych ka\u017cdy zawiera inne wyzwania i problemy. Siedem lekcji, krok po kroku pokazuj\u0105cych, jak te problemy rozwi\u0105za\u0107. Siedem plik\u00f3w do pobrania, dzi\u0119ki kt\u00f3rym mo\u017cna te zagadnienia prze\u0107wiczy\u0107 samemu na RAW-ach prezentowanych w ksi\u0105\u017cce. Ca\u0142o\u015b\u0107 przeprowadzona za pomoc\u0105 Lightrooma i modu\u0142u Camera RAW, dost\u0119pnym tak\u017ce w pe\u0142nej wersji Adobe Photoshopa.<br \/>\nKsi\u0105\u017cka ma posta\u0107 pliku w formacie PDF, do pobrania od razu po op\u0142aceniu. <strong>Nie wysy\u0142amy papierowej wersji<\/strong>, ale jak kto\u015b chce, to mo\u017ce sobie j\u0105 wydrukowa\u0107.<\/p>\n","protected":false},"featured_media":959,"comment_status":"open","ping_status":"closed","template":"","meta":[],"product_brand":[],"product_cat":[29],"product_tag":[],"class_list":{"0":"post-952","1":"product","2":"type-product","3":"status-publish","4":"has-post-thumbnail","6":"product_cat-fotobooki","8":"first","9":"instock","10":"downloadable","11":"virtual","12":"sold-individually","13":"taxable","14":"purchasable","15":"product-type-simple"},"_links":{"self":[{"href":"https:\/\/www.fotezja.pl\/sklep\/wp-json\/wp\/v2\/product\/952","targetHints":{"allow":["GET"]}}],"collection":[{"href":"https:\/\/www.fotezja.pl\/sklep\/wp-json\/wp\/v2\/product"}],"about":[{"href":"https:\/\/www.fotezja.pl\/sklep\/wp-json\/wp\/v2\/types\/product"}],"replies":[{"embeddable":true,"href":"https:\/\/www.fotezja.pl\/sklep\/wp-json\/wp\/v2\/comments?post=952"}],"wp:featuredmedia":[{"embeddable":true,"href":"https:\/\/www.fotezja.pl\/sklep\/wp-json\/wp\/v2\/media\/959"}],"wp:attachment":[{"href":"https:\/\/www.fotezja.pl\/sklep\/wp-json\/wp\/v2\/media?parent=952"}],"wp:term":[{"taxonomy":"product_brand","embeddable":true,"href":"https:\/\/www.fotezja.pl\/sklep\/wp-json\/wp\/v2\/product_brand?post=952"},{"taxonomy":"product_cat","embeddable":true,"href":"https:\/\/www.fotezja.pl\/sklep\/wp-json\/wp\/v2\/product_cat?post=952"},{"taxonomy":"product_tag","embeddable":true,"href":"https:\/\/www.fotezja.pl\/sklep\/wp-json\/wp\/v2\/product_tag?post=952"}],"curies":[{"name":"wp","href":"https:\/\/api.w.org\/{rel}","templated":true}]}}