{"id":888,"date":"2020-01-01T00:19:49","date_gmt":"2019-12-31T23:19:49","guid":{"rendered":"https:\/\/www.fotezja.pl\/sklep\/?post_type=product&#038;p=888"},"modified":"2024-10-23T04:07:12","modified_gmt":"2024-10-23T02:07:12","slug":"fotobook-photoshop-dla-fotografa","status":"publish","type":"product","link":"https:\/\/www.fotezja.pl\/sklep\/produkt\/fotobook-photoshop-dla-fotografa\/","title":{"rendered":"Fotobook: Photoshop dla fotografa"},"content":{"rendered":"<p>\u201cPhotoshop dla fotografa\u201d to nie jest podr\u0119cznik obs\u0142ugi programu \u2013 to poradnik edycji zdj\u0119\u0107, powsta\u0142y na bazie mojej wydanej kilka lat temu (i ju\u017c niedost\u0119pnej) papierowej ksi\u0105\u017cki \u201ePraktyczny Photoshop CS5 dla fotografa\u201d, poprawiony i uzupe\u0142niony. Zagadnienia edycyjne s\u0105 w nim zaprezentowane od strony praktycznej: punktem wyj\u015bcia jest plik z aparatu i jego analiza, prowadz\u0105ce do uzyskania pi\u0119knej fotografii, zgodnej z zamys\u0142em autora. W ksi\u0105\u017cce znajduj\u0105 si\u0119 linki do pobrania pokazanych w niej zdj\u0119\u0107, tak by ka\u017cdy m\u00f3g\u0142 sam prze\u0107wiczy\u0107 prezentowane zagadnienia na tych samych plikach, zanim przejdzie do edycji w\u0142asnych.<br \/>\nFotobook\u00a0\u201cPhotoshop dla fotografa\u201d przedstawia wszystkie najwa\u017cniejsze problemy cyfrowej ciemni, od wywo\u0142ywania RAW-\u00f3w poprzez techniki edycji koloru, retusz i wyostrzanie a\u017c po fotomonta\u017ce. Baz\u0105 programow\u0105 jest Adobe Photoshop CS5, ale zaprezentowane techniki dadz\u0105 si\u0119 zastosowa\u0107 r\u00f3wnie\u017c w nowszych wersjach tego programu, a w przewa\u017caj\u0105cej cz\u0119\u015bci \u2013 tak\u017ce w starszych. Dodatkowo do\u0142\u0105czono rozdzia\u0142 prezentuj\u0105cy wywo\u0142ywanie RAW-\u00f3w w nowszych wersjach modu\u0142u Camera Raw (oraz Lightrooma).<\/p>\n<h3>Zawarto\u015b\u0107 fotobooka<\/h3>\n<h4>\u2013 Jak si\u0119 po\u0142apa\u0107 w Photoshopie:<\/h4>\n<p>Dogadaj si\u0119 ze swoim PS-em<br \/>\nUczy\u0144 swojego Photoshopa bardziej\u2026 swoim<br \/>\nTrzy, dwa, jeden i\u2026 Akcja!<\/p>\n<h4>\u2013 Wywo\u0142ywanie RAW-\u00f3w:<\/h4>\n<p>Camera Raw 6.x<br \/>\nEdycja podstawowa<br \/>\nCamera Raw 7.x: paleta Podstawowe i inne zmiany<br \/>\nZaawansowana edycja<br \/>\nPorz\u0105dkowanie kadru<br \/>\nFiltr po\u0142\u00f3wkowy<br \/>\nRAW \u2013 i co dalej?<\/p>\n<h4>\u2013 Podstawy cyfrowej ciemni:<\/h4>\n<p>Poziomy<br \/>\nKrzywe tonalne<br \/>\n\u015awiat\u0142ocie\u0144: Shadows\/Highlights<br \/>\nProstowanie kadr\u00f3w<br \/>\nOdszumianie, czyli usuwamy kolorow\u0105 kaszk\u0119<br \/>\nOstatni krok: Wyostrzanie<\/p>\n<h4>\u2013 Szale\u0144stwa geometrii:<\/h4>\n<p>Filtr Korekta obiektywu<br \/>\nPrzypadek ekstremalny: Prostujemy rybie oko<br \/>\nWyginam \u015bmia\u0142o, czyli filtr Puppet Warp<\/p>\n<h4>\u2013 Magia koloru:<\/h4>\n<p>W kierunku czerni i bieli<br \/>\nW odcieniu retro<br \/>\nKrosowanie<br \/>\nW tonacji br\u0105z\u00f3w<br \/>\nKolory nie z tej ziemi<\/p>\n<h4>\u2013 Retusz:<\/h4>\n<p>Usuwanie du\u017cych, niechcianych obiekt\u00f3w<br \/>\nRetusz drobnych, niepo\u017c\u0105danych obiekt\u00f3w<\/p>\n<h4>\u2013 \u0141\u0105czenie zdj\u0119\u0107:<\/h4>\n<p>Tworzenie obraz\u00f3w HDR<br \/>\nLDR: R\u0119czna poprawa rozpi\u0119to\u015bci tonalnej<br \/>\nPanorama<br \/>\nMno\u017cenie postaci na serii zdj\u0119\u0107<br \/>\nDuchy w teatrze<\/p>\n<h4>\u2013 Maskowanie i fotomonta\u017c:<\/h4>\n<p>Wymiana nieba<br \/>\nZaznaczanie futra: Refine Edge i jego p\u0119dzelek<\/p>\n<h4>\u2013 Nie b\u00f3j si\u0119 eksperyment\u00f3w<\/h4>\n<p>&nbsp;<\/p>\n<p><em>Uwaga! Fotobook zawiera odno\u015bniki do plik\u00f3w zdj\u0119\u0107, pozwalaj\u0105cych prze\u0107wiczy\u0107 zagadnienia edycyjne. Pobranie ich wymaga dost\u0119pu do internetu.<\/em><\/p>\n<h3>Fragment fotobooka \u201cPhotoshop dla fotografa\u201d<\/h3>\n<p>Rozdzia\u0142 \u201c<strong><a href=\"https:\/\/www.fotezja.pl\/edycja-zdjec\/kolory-tej-ziemi-zmieniac-kolory-zdjeciach\/\" target=\"_blank\" rel=\"noopener noreferrer\"><span style=\"color: #ff0000;\">Kolory nie z tej ziemi \u2013 Jak zmienia\u0107 kolory na zdj\u0119ciach<\/span><\/a><\/strong>\u201d mo\u017cna przeczyta\u0107 na portalu fotograficznym <a href=\"https:\/\/www.fotezja.pl\/\" target=\"_blank\" rel=\"noopener noreferrer\"><strong>Fotezja.pl<\/strong><\/a>.<\/p>\n<p>&nbsp;<\/p>\n<p><strong>208 stron, obj\u0119to\u015b\u0107 pliku 64 MB, ebook dostarczany w formie elektronicznej<\/strong><\/p>\n<h3>Zobacz wybrane strony tego e-booka:<\/h3>\n<div id=\"jig1\" class=\"justified-image-grid jig-25462457f965b38689c6be1ef2d4f7a1 jig-preset-global jig-source-wp-gallery\"><div class=\"jig-clearfix\"><\/div><noscript id=\"jig1-html\" class=\"justified-image-grid-html\" data-lazy-src=\"skiplazyload\" data-src=\"skipunveillazyload\"><ul><li><a href=\"https:\/\/www.fotezja.pl\/sklep\/wp-content\/uploads\/sites\/5\/2019\/12\/PhotoshopDlaFotografa_demo_okladka.jpg\" title=\"PhotoshopDlaFotografa_demo_okladka\"><img fetchpriority=\"high\" decoding=\"async\" src=\"https:\/\/www.fotezja.pl\/sklep\/wp-content\/plugins\/justified-image-grid\/timthumb.php?src=https%3A%2F%2Fwww.fotezja.pl%2Fsklep%2Fwp-content%2Fuploads%2Fsites%2F5%2F2019%2F12%2FPhotoshopDlaFotografa_demo_okladka.jpg&amp;h=310&amp;q=90&amp;f=.jpg\" alt=\"PhotoshopDlaFotografa_demo_okladka\" width=\"495\" height=\"310\" \/><\/a><p class=\"jig-HTMLdescription\">PhotoshopDlaFotografa_demo_okladka<\/p><\/li><li><a href=\"https:\/\/www.fotezja.pl\/sklep\/wp-content\/uploads\/sites\/5\/2019\/12\/PhotoshopDlaFotografa_demo_0013_Warstwa-2.jpg\"><img decoding=\"async\" src=\"https:\/\/www.fotezja.pl\/sklep\/wp-content\/plugins\/justified-image-grid\/timthumb.php?src=https%3A%2F%2Fwww.fotezja.pl%2Fsklep%2Fwp-content%2Fuploads%2Fsites%2F5%2F2019%2F12%2FPhotoshopDlaFotografa_demo_0013_Warstwa-2.jpg&amp;h=310&amp;q=90&amp;f=.jpg\" alt=\"\" width=\"495\" height=\"310\" \/><\/a><\/li><li><a href=\"https:\/\/www.fotezja.pl\/sklep\/wp-content\/uploads\/sites\/5\/2019\/12\/PhotoshopDlaFotografa_demo_0012_Warstwa-3.jpg\"><img decoding=\"async\" src=\"https:\/\/www.fotezja.pl\/sklep\/wp-content\/plugins\/justified-image-grid\/timthumb.php?src=https%3A%2F%2Fwww.fotezja.pl%2Fsklep%2Fwp-content%2Fuploads%2Fsites%2F5%2F2019%2F12%2FPhotoshopDlaFotografa_demo_0012_Warstwa-3.jpg&amp;h=310&amp;q=90&amp;f=.jpg\" alt=\"\" width=\"495\" height=\"310\" \/><\/a><\/li><li><a href=\"https:\/\/www.fotezja.pl\/sklep\/wp-content\/uploads\/sites\/5\/2019\/12\/PhotoshopDlaFotografa_demo_0011_Warstwa-4.jpg\"><img loading=\"lazy\" decoding=\"async\" src=\"https:\/\/www.fotezja.pl\/sklep\/wp-content\/plugins\/justified-image-grid\/timthumb.php?src=https%3A%2F%2Fwww.fotezja.pl%2Fsklep%2Fwp-content%2Fuploads%2Fsites%2F5%2F2019%2F12%2FPhotoshopDlaFotografa_demo_0011_Warstwa-4.jpg&amp;h=310&amp;q=90&amp;f=.jpg\" alt=\"\" width=\"495\" height=\"310\" \/><\/a><\/li><li><a href=\"https:\/\/www.fotezja.pl\/sklep\/wp-content\/uploads\/sites\/5\/2019\/12\/PhotoshopDlaFotografa_demo_0010_Warstwa-5.jpg\"><img loading=\"lazy\" decoding=\"async\" src=\"https:\/\/www.fotezja.pl\/sklep\/wp-content\/plugins\/justified-image-grid\/timthumb.php?src=https%3A%2F%2Fwww.fotezja.pl%2Fsklep%2Fwp-content%2Fuploads%2Fsites%2F5%2F2019%2F12%2FPhotoshopDlaFotografa_demo_0010_Warstwa-5.jpg&amp;h=310&amp;q=90&amp;f=.jpg\" alt=\"\" width=\"495\" height=\"310\" \/><\/a><\/li><li><a href=\"https:\/\/www.fotezja.pl\/sklep\/wp-content\/uploads\/sites\/5\/2019\/12\/PhotoshopDlaFotografa_demo_0009_Warstwa-6.jpg\"><img loading=\"lazy\" decoding=\"async\" src=\"https:\/\/www.fotezja.pl\/sklep\/wp-content\/plugins\/justified-image-grid\/timthumb.php?src=https%3A%2F%2Fwww.fotezja.pl%2Fsklep%2Fwp-content%2Fuploads%2Fsites%2F5%2F2019%2F12%2FPhotoshopDlaFotografa_demo_0009_Warstwa-6.jpg&amp;h=310&amp;q=90&amp;f=.jpg\" alt=\"\" width=\"495\" height=\"310\" \/><\/a><\/li><li><a href=\"https:\/\/www.fotezja.pl\/sklep\/wp-content\/uploads\/sites\/5\/2019\/12\/PhotoshopDlaFotografa_demo_0008_Warstwa-7.jpg\"><img loading=\"lazy\" decoding=\"async\" src=\"https:\/\/www.fotezja.pl\/sklep\/wp-content\/plugins\/justified-image-grid\/timthumb.php?src=https%3A%2F%2Fwww.fotezja.pl%2Fsklep%2Fwp-content%2Fuploads%2Fsites%2F5%2F2019%2F12%2FPhotoshopDlaFotografa_demo_0008_Warstwa-7.jpg&amp;h=310&amp;q=90&amp;f=.jpg\" alt=\"\" width=\"495\" height=\"310\" \/><\/a><\/li><li><a href=\"https:\/\/www.fotezja.pl\/sklep\/wp-content\/uploads\/sites\/5\/2019\/12\/PhotoshopDlaFotografa_demo_0007_Warstwa-8.jpg\"><img loading=\"lazy\" decoding=\"async\" src=\"https:\/\/www.fotezja.pl\/sklep\/wp-content\/plugins\/justified-image-grid\/timthumb.php?src=https%3A%2F%2Fwww.fotezja.pl%2Fsklep%2Fwp-content%2Fuploads%2Fsites%2F5%2F2019%2F12%2FPhotoshopDlaFotografa_demo_0007_Warstwa-8.jpg&amp;h=310&amp;q=90&amp;f=.jpg\" alt=\"\" width=\"495\" height=\"310\" \/><\/a><\/li><li><a href=\"https:\/\/www.fotezja.pl\/sklep\/wp-content\/uploads\/sites\/5\/2019\/12\/PhotoshopDlaFotografa_demo_0006_Warstwa-9.jpg\"><img loading=\"lazy\" decoding=\"async\" src=\"https:\/\/www.fotezja.pl\/sklep\/wp-content\/plugins\/justified-image-grid\/timthumb.php?src=https%3A%2F%2Fwww.fotezja.pl%2Fsklep%2Fwp-content%2Fuploads%2Fsites%2F5%2F2019%2F12%2FPhotoshopDlaFotografa_demo_0006_Warstwa-9.jpg&amp;h=310&amp;q=90&amp;f=.jpg\" alt=\"\" width=\"495\" height=\"310\" \/><\/a><\/li><li><a href=\"https:\/\/www.fotezja.pl\/sklep\/wp-content\/uploads\/sites\/5\/2019\/12\/PhotoshopDlaFotografa_demo_0005_Warstwa-10.jpg\"><img loading=\"lazy\" decoding=\"async\" src=\"https:\/\/www.fotezja.pl\/sklep\/wp-content\/plugins\/justified-image-grid\/timthumb.php?src=https%3A%2F%2Fwww.fotezja.pl%2Fsklep%2Fwp-content%2Fuploads%2Fsites%2F5%2F2019%2F12%2FPhotoshopDlaFotografa_demo_0005_Warstwa-10.jpg&amp;h=310&amp;q=90&amp;f=.jpg\" alt=\"\" width=\"495\" height=\"310\" \/><\/a><\/li><li><a href=\"https:\/\/www.fotezja.pl\/sklep\/wp-content\/uploads\/sites\/5\/2019\/12\/PhotoshopDlaFotografa_demo_0004_Warstwa-11.jpg\"><img loading=\"lazy\" decoding=\"async\" src=\"https:\/\/www.fotezja.pl\/sklep\/wp-content\/plugins\/justified-image-grid\/timthumb.php?src=https%3A%2F%2Fwww.fotezja.pl%2Fsklep%2Fwp-content%2Fuploads%2Fsites%2F5%2F2019%2F12%2FPhotoshopDlaFotografa_demo_0004_Warstwa-11.jpg&amp;h=310&amp;q=90&amp;f=.jpg\" alt=\"\" width=\"495\" height=\"310\" \/><\/a><\/li><li><a href=\"https:\/\/www.fotezja.pl\/sklep\/wp-content\/uploads\/sites\/5\/2019\/12\/PhotoshopDlaFotografa_demo_0003_Warstwa-12.jpg\"><img loading=\"lazy\" decoding=\"async\" src=\"https:\/\/www.fotezja.pl\/sklep\/wp-content\/plugins\/justified-image-grid\/timthumb.php?src=https%3A%2F%2Fwww.fotezja.pl%2Fsklep%2Fwp-content%2Fuploads%2Fsites%2F5%2F2019%2F12%2FPhotoshopDlaFotografa_demo_0003_Warstwa-12.jpg&amp;h=310&amp;q=90&amp;f=.jpg\" alt=\"\" width=\"495\" height=\"310\" \/><\/a><\/li><li><a href=\"https:\/\/www.fotezja.pl\/sklep\/wp-content\/uploads\/sites\/5\/2019\/12\/PhotoshopDlaFotografa_demo_0002_Warstwa-13.jpg\"><img loading=\"lazy\" decoding=\"async\" src=\"https:\/\/www.fotezja.pl\/sklep\/wp-content\/plugins\/justified-image-grid\/timthumb.php?src=https%3A%2F%2Fwww.fotezja.pl%2Fsklep%2Fwp-content%2Fuploads%2Fsites%2F5%2F2019%2F12%2FPhotoshopDlaFotografa_demo_0002_Warstwa-13.jpg&amp;h=310&amp;q=90&amp;f=.jpg\" alt=\"\" width=\"495\" height=\"310\" \/><\/a><\/li><li><a href=\"https:\/\/www.fotezja.pl\/sklep\/wp-content\/uploads\/sites\/5\/2019\/12\/PhotoshopDlaFotografa_demo_0001_Warstwa-14.jpg\"><img loading=\"lazy\" decoding=\"async\" src=\"https:\/\/www.fotezja.pl\/sklep\/wp-content\/plugins\/justified-image-grid\/timthumb.php?src=https%3A%2F%2Fwww.fotezja.pl%2Fsklep%2Fwp-content%2Fuploads%2Fsites%2F5%2F2019%2F12%2FPhotoshopDlaFotografa_demo_0001_Warstwa-14.jpg&amp;h=310&amp;q=90&amp;f=.jpg\" alt=\"\" width=\"495\" height=\"310\" \/><\/a><\/li><li><a href=\"https:\/\/www.fotezja.pl\/sklep\/wp-content\/uploads\/sites\/5\/2019\/12\/PhotoshopDlaFotografa_demo_0000_Warstwa-15.jpg\"><img loading=\"lazy\" decoding=\"async\" src=\"https:\/\/www.fotezja.pl\/sklep\/wp-content\/plugins\/justified-image-grid\/timthumb.php?src=https%3A%2F%2Fwww.fotezja.pl%2Fsklep%2Fwp-content%2Fuploads%2Fsites%2F5%2F2019%2F12%2FPhotoshopDlaFotografa_demo_0000_Warstwa-15.jpg&amp;h=310&amp;q=90&amp;f=.jpg\" alt=\"\" width=\"495\" height=\"310\" \/><\/a><\/li><\/ul><\/noscript><\/div>\n","protected":false},"excerpt":{"rendered":"<p>Autor: Ewa Prus<\/p>\n<p>To nie jest podr\u0119cznik Photoshopa \u2013 to poradnik edycji zdj\u0119\u0107, powsta\u0142y na bazie mojej wydanej kilka lat temu (i ju\u017c niedost\u0119pnej) papierowej ksi\u0105\u017cki \u201ePraktyczny Photoshop CS5 dla fotografa\u201d, poprawiony i uzupe\u0142niony. Zagadnienia edycyjne s\u0105 w nim zaprezentowane od strony praktycznej: punktem wyj\u015bcia jest plik z aparatu i jego analiza, prowadz\u0105ce do uzyskania pi\u0119knej fotografii, zgodnej z zamys\u0142em autora.<br \/>\nKsi\u0105\u017cka ma posta\u0107 pliku w formacie PDF, do pobrania od razu po op\u0142aceniu. <strong>Nie wysy\u0142amy papierowej wersji<\/strong>, ale jak kto\u015b chce, to mo\u017ce sobie j\u0105 wydrukowa\u0107.<\/p>\n","protected":false},"featured_media":1788,"comment_status":"open","ping_status":"closed","template":"","meta":[],"product_brand":[],"product_cat":[29],"product_tag":[],"class_list":{"0":"post-888","1":"product","2":"type-product","3":"status-publish","4":"has-post-thumbnail","6":"product_cat-fotobooki","8":"first","9":"instock","10":"downloadable","11":"virtual","12":"sold-individually","13":"taxable","14":"purchasable","15":"product-type-simple"},"_links":{"self":[{"href":"https:\/\/www.fotezja.pl\/sklep\/wp-json\/wp\/v2\/product\/888","targetHints":{"allow":["GET"]}}],"collection":[{"href":"https:\/\/www.fotezja.pl\/sklep\/wp-json\/wp\/v2\/product"}],"about":[{"href":"https:\/\/www.fotezja.pl\/sklep\/wp-json\/wp\/v2\/types\/product"}],"replies":[{"embeddable":true,"href":"https:\/\/www.fotezja.pl\/sklep\/wp-json\/wp\/v2\/comments?post=888"}],"wp:featuredmedia":[{"embeddable":true,"href":"https:\/\/www.fotezja.pl\/sklep\/wp-json\/wp\/v2\/media\/1788"}],"wp:attachment":[{"href":"https:\/\/www.fotezja.pl\/sklep\/wp-json\/wp\/v2\/media?parent=888"}],"wp:term":[{"taxonomy":"product_brand","embeddable":true,"href":"https:\/\/www.fotezja.pl\/sklep\/wp-json\/wp\/v2\/product_brand?post=888"},{"taxonomy":"product_cat","embeddable":true,"href":"https:\/\/www.fotezja.pl\/sklep\/wp-json\/wp\/v2\/product_cat?post=888"},{"taxonomy":"product_tag","embeddable":true,"href":"https:\/\/www.fotezja.pl\/sklep\/wp-json\/wp\/v2\/product_tag?post=888"}],"curies":[{"name":"wp","href":"https:\/\/api.w.org\/{rel}","templated":true}]}}