{"id":3413,"date":"2026-01-18T18:47:47","date_gmt":"2026-01-18T17:47:47","guid":{"rendered":"https:\/\/www.fotezja.pl\/sklep\/?post_type=product&#038;p=3413"},"modified":"2026-01-19T23:15:51","modified_gmt":"2026-01-19T22:15:51","slug":"fotowyprawy-fotezji-2025-fotografie-uczestnikow","status":"publish","type":"product","link":"https:\/\/www.fotezja.pl\/sklep\/produkt\/fotowyprawy-fotezji-2025-fotografie-uczestnikow\/","title":{"rendered":"Fotowyprawy Fotezji 2025 &#8211; fotografie uczestnik\u00f3w"},"content":{"rendered":"<h1><strong><span style=\"color: #0000ff;\">Fotowyprawy 2025 &#8211; Fotografie Uczestnik\u00f3w<br \/>\n<\/span><\/strong><\/h1>\n<p><em><strong>Ewa Prus, Piotr D\u0119bek<br \/>\n<\/strong><\/em><\/p>\n<p><em>To ju\u017c nasz czwarty doroczny album podsumowuj\u0105cy fotowyprawy i b\u0119d\u0105cy przegl\u0105dem zdj\u0119\u0107, jakie wykonali uczestnicy wypraw fotograficznych Fotezji. Pi\u0119kne scenerie, r\u00f3\u017cnorodne autorskie estetyki i okazja, aby popatrze\u0107 na \u015bwiat przez cudze obiektywy. Od zimowej Norwegii po gor\u0105cy Wietnam, od zau\u0142k\u00f3w Z\u0142otej Pragi i Berlina po przestrzenie Namibii i Maroka: zapraszamy do ogl\u0105dania, inspirowania si\u0119 i podziwiania \u015bwiata! <\/em><em>Przed Wami album <\/em><strong>Fotowyprawy 2025: Fotografie Uczestnik\u00f3w<\/strong><em>.<br \/>\n<\/em><\/p>\n<h3>Przedstawiamy album fotograficzny Uczestnik\u00f3w fotowypraw 2025<\/h3>\n<p class=\"western\" align=\"left\">Czy fotografia ma jeszcze racj\u0119 bytu w dobie obrazk\u00f3w generowanych przez AI? Ten album jest te\u017c g\u0142osem w tej dyskusji, cho\u0107 nie ma w nim ani jednego zdj\u0119cia wytworzonego przez sztuczn\u0105 inteligencj\u0119. S\u0105 za to r\u00f3\u017cne spojrzenia na te same miejsca, te same motywy, ale prezentowane w finalnych kadrach w r\u00f3\u017cny spos\u00f3b. R\u00f3\u017cny, bo wynikaj\u0105cy z odmiennych do\u015bwiadcze\u0144, wra\u017cliwo\u015bci estetycznej, spostrzegawczo\u015bci i ca\u0142ej masy decyzji, kt\u00f3re sk\u0142adaj\u0105 si\u0119 gotow\u0105 fotografi\u0119. W ka\u017cdej z tych fotografii jest jej autor \u2013 jego styl, wra\u017cliwo\u015b\u0107, spos\u00f3b patrzenia na \u015bwiat. To wszystko jest w fotografiach, a nie ma tego syntetycznych, generowanych obrazkach.<\/p>\n<p class=\"western\" align=\"left\">Fotografia tyle\u017c m\u00f3wi o \u015bwiecie, co o autorze, kt\u00f3ry wybra\u0142 moment i kadr. Ogl\u0105daj\u0105c zdj\u0119cia w tym albumie nie tylko podr\u00f3\u017cujemy do Wietnamu, Namibii, Wenecji czy Maroka, ale te\u017c zagl\u0105damy w \u015bwiat estetyki uczestnik\u00f3w fotowypraw Fotezji. Zapraszam wi\u0119c w podw\u00f3jn\u0105 podr\u00f3\u017c i \u017cycz\u0119, aby by\u0142a nie tylko ciekawa, ale te\u017c inspiruj\u0105ca!<\/p>\n<h3>Fotowyprawy 2025 &#8211; co jest w tej ksi\u0105\u017cce?<\/h3>\n<p class=\"western\">Album powsta\u0142 jako uzupe\u0142nienie cz\u0119\u015bci edukacyjnej naszych warsztat\u00f3w fotograficznych i fotowypraw, pozwalaj\u0105c ich uczestnikom zobaczy\u0107 co w znanych im plenerach dostrzegli inni, jak rozegrali r\u00f3\u017cne motywy, jak sobie poradzili z estetycznymi i technicznymi wyzwaniami. Mam nadziej\u0119, \u017ce z albumu skorzystaj\u0105 tak\u017ce fotoamatorzy, kt\u00f3rzy dot\u0105d nie byli naszych wyprawach, a kt\u00f3rzy w ten spos\u00f3b b\u0119d\u0105 mogli zajrze\u0107 ich uczestnikom przez rami\u0119. Mo\u017cna obejrze\u0107 fotografie z warsztat\u00f3w fotograficznych i fotowypraw zrealizowane w takich miejscach jak:<\/p>\n<ul>\n<li>zimowa Senja<\/li>\n<li>zimowe Lofoty<\/li>\n<li>Wenecja w karnawale<\/li>\n<li>Praga<\/li>\n<li>Toskania<\/li>\n<li>Czarowne \u015awi\u0119tokrzyskie<\/li>\n<li>Namibia<\/li>\n<li>Botswana<\/li>\n<li>Berlin<\/li>\n<li>Wietnam<\/li>\n<li>Maroko<\/li>\n<\/ul>\n<p class=\"western\">Wsp\u00f3lne ogl\u0105danie fotografii wykonanych przez r\u00f3\u017cne osoby w tych samych miejscach pozwala zobaczy\u0107, jak bardzo to fotograf tworzy obraz. To nie miejsce narzuca kompozycje; wr\u0119cz przeciwnie, to \u015bwiat zostaje przefiltrowany przez wra\u017cliwo\u015b\u0107 i spostrzegawczo\u015b\u0107 fotografuj\u0105cego.<\/p>\n<p class=\"western\">Setki fotografii, p\u00f3\u0142 setki fotograf\u00f3w i tyle\u017c r\u00f3\u017cnych estetyk, wizji, sposob\u00f3w patrzenia na \u015bwiat. Zapraszam do wizualnej podr\u00f3\u017cy przez \u015bwiat estetyki, krainy wra\u017cliwo\u015bci i szczyty kreatywno\u015bci.<\/p>\n<p>Autorem fotografii na ok\u0142adce jest Maciej Giersz<\/p>\n<p><strong>288 stron, obj\u0119to\u015b\u0107 pliku 120 MB, ebook dostarczany w formie elektronicznej<\/strong><strong><br \/>\n<\/strong><\/p>\n<p style=\"text-align: center;\">Filmowa relacja z wernisa\u017cu online albumu:<\/p>\n<p><center><br \/>\n<iframe title=\"YouTube video player\" src=\"https:\/\/www.youtube.com\/embed\/cbbwxKLBTBs?si=0Oy6EXAMG_qD5L2Z\" width=\"560\" height=\"315\" frameborder=\"0\" allowfullscreen=\"allowfullscreen\"><\/iframe><\/center><\/p>\n","protected":false},"excerpt":{"rendered":"<p>Autor zbiorowy<\/p>\n<p><em>Nasz czwarty doroczny album podsumowuj\u0105cy fotowyprawy i b\u0119d\u0105cy przegl\u0105dem zdj\u0119\u0107, jakie wykonali uczestnicy wypraw fotograficznych Fotezji. Pi\u0119kne scenerie, r\u00f3\u017cnorodne autorskie estetyki i okazja, aby popatrze\u0107 na \u015bwiat przez cudze obiektywy. Od zimowej Norwegii po gor\u0105cy Wietnam, od zau\u0142k\u00f3w Z\u0142otej Pragi i Berlina po przestrzenie Namibii i Maroka: zapraszamy do ogl\u0105dania, inspirowania si\u0119 i podziwiania \u015bwiata! <\/em><em>Przed Wami album <\/em><strong>Fotowyprawy 2025: Fotografie Uczestnik\u00f3w<\/strong><em>.<\/em><\/p>\n<p>&nbsp;<\/p>\n<p>Ksi\u0105\u017cka ma posta\u0107 pliku w formacie PDF, do pobrania od razu po zam\u00f3wieniu. <strong>Nie wysy\u0142amy papierowej wersji<\/strong>, ale jak kto\u015b chce, to mo\u017ce sobie j\u0105 wydrukowa\u0107.<\/p>\n","protected":false},"featured_media":3412,"comment_status":"open","ping_status":"closed","template":"","meta":[],"product_brand":[],"product_cat":[49],"product_tag":[],"class_list":{"0":"post-3413","1":"product","2":"type-product","3":"status-publish","4":"has-post-thumbnail","6":"product_cat-bezplatne-albumy","8":"first","9":"instock","10":"downloadable","11":"virtual","12":"sold-individually","13":"purchasable","14":"product-type-simple"},"_links":{"self":[{"href":"https:\/\/www.fotezja.pl\/sklep\/wp-json\/wp\/v2\/product\/3413","targetHints":{"allow":["GET"]}}],"collection":[{"href":"https:\/\/www.fotezja.pl\/sklep\/wp-json\/wp\/v2\/product"}],"about":[{"href":"https:\/\/www.fotezja.pl\/sklep\/wp-json\/wp\/v2\/types\/product"}],"replies":[{"embeddable":true,"href":"https:\/\/www.fotezja.pl\/sklep\/wp-json\/wp\/v2\/comments?post=3413"}],"wp:featuredmedia":[{"embeddable":true,"href":"https:\/\/www.fotezja.pl\/sklep\/wp-json\/wp\/v2\/media\/3412"}],"wp:attachment":[{"href":"https:\/\/www.fotezja.pl\/sklep\/wp-json\/wp\/v2\/media?parent=3413"}],"wp:term":[{"taxonomy":"product_brand","embeddable":true,"href":"https:\/\/www.fotezja.pl\/sklep\/wp-json\/wp\/v2\/product_brand?post=3413"},{"taxonomy":"product_cat","embeddable":true,"href":"https:\/\/www.fotezja.pl\/sklep\/wp-json\/wp\/v2\/product_cat?post=3413"},{"taxonomy":"product_tag","embeddable":true,"href":"https:\/\/www.fotezja.pl\/sklep\/wp-json\/wp\/v2\/product_tag?post=3413"}],"curies":[{"name":"wp","href":"https:\/\/api.w.org\/{rel}","templated":true}]}}

Fotowyprawy Fotezji 2025 &#8211; fotografie uczestników

<h1><strong><span style="color: #0000ff;">Fotowyprawy 2025 &#8211; Fotografie Uczestników<br />
</span></strong></h1>
<p><em><strong>Ewa Prus, Piotr Dębek<br />
</strong></em></p>
<p><em>To już nasz czwarty doroczny album podsumowujący fotowyprawy i będący przeglądem zdjęć, jakie wykonali uczestnicy wypraw fotograficznych Fotezji. Piękne scenerie, różnorodne autorskie estetyki i okazja, aby popatrzeć na świat przez cudze obiektywy. Od zimowej Norwegii po gorący Wietnam, od zaułków Złotej Pragi i Berlina po przestrzenie Namibii i Maroka: zapraszamy do oglądania, inspirowania się i podziwiania świata! </em><em>Przed Wami album </em><strong>Fotowyprawy 2025: Fotografie Uczestników</strong><em>.<br />
</em></p>
<h3>Przedstawiamy album fotograficzny Uczestników fotowypraw 2025</h3>
<p class="western" align="left">Czy fotografia ma jeszcze rację bytu w dobie obrazków generowanych przez AI? Ten album jest też głosem w tej dyskusji, choć nie ma w nim ani jednego zdjęcia wytworzonego przez sztuczną inteligencję. Są za to różne spojrzenia na te same miejsca, te same motywy, ale prezentowane w finalnych kadrach w różny sposób. Różny, bo wynikający z odmiennych doświadczeń, wrażliwości estetycznej, spostrzegawczości i całej masy decyzji, które składają się gotową fotografię. W każdej z tych fotografii jest jej autor – jego styl, wrażliwość, sposób patrzenia na świat. To wszystko jest w fotografiach, a nie ma tego syntetycznych, generowanych obrazkach.</p>
<p class="western" align="left">Fotografia tyleż mówi o świecie, co o autorze, który wybrał moment i kadr. Oglądając zdjęcia w tym albumie nie tylko podróżujemy do Wietnamu, Namibii, Wenecji czy Maroka, ale też zaglądamy w świat estetyki uczestników fotowypraw Fotezji. Zapraszam więc w podwójną podróż i życzę, aby była nie tylko ciekawa, ale też inspirująca!</p>
<h3>Fotowyprawy 2025 &#8211; co jest w tej książce?</h3>
<p class="western">Album powstał jako uzupełnienie części edukacyjnej naszych warsztatów fotograficznych i fotowypraw, pozwalając ich uczestnikom zobaczyć co w znanych im plenerach dostrzegli inni, jak rozegrali różne motywy, jak sobie poradzili z estetycznymi i technicznymi wyzwaniami. Mam nadzieję, że z albumu skorzystają także fotoamatorzy, którzy dotąd nie byli naszych wyprawach, a którzy w ten sposób będą mogli zajrzeć ich uczestnikom przez ramię. Można obejrzeć fotografie z warsztatów fotograficznych i fotowypraw zrealizowane w takich miejscach jak:</p>
<ul>
<li>zimowa Senja</li>
<li>zimowe Lofoty</li>
<li>Wenecja w karnawale</li>
<li>Praga</li>
<li>Toskania</li>
<li>Czarowne Świętokrzyskie</li>
<li>Namibia</li>
<li>Botswana</li>
<li>Berlin</li>
<li>Wietnam</li>
<li>Maroko</li>
</ul>
<p class="western">Wspólne oglądanie fotografii wykonanych przez różne osoby w tych samych miejscach pozwala zobaczyć, jak bardzo to fotograf tworzy obraz. To nie miejsce narzuca kompozycje; wręcz przeciwnie, to świat zostaje przefiltrowany przez wrażliwość i spostrzegawczość fotografującego.</p>
<p class="western">Setki fotografii, pół setki fotografów i tyleż różnych estetyk, wizji, sposobów patrzenia na świat. Zapraszam do wizualnej podróży przez świat estetyki, krainy wrażliwości i szczyty kreatywności.</p>
<p>Autorem fotografii na okładce jest Maciej Giersz</p>
<p><strong>288 stron, objętość pliku 120 MB, ebook dostarczany w formie elektronicznej</strong><strong><br />
</strong></p>
<p style="text-align: center;">Filmowa relacja z wernisażu online albumu:</p>
<p><center><br />
<iframe title="YouTube video player" src="https://www.youtube.com/embed/cbbwxKLBTBs?si=0Oy6EXAMG_qD5L2Z" width="560" height="315" frameborder="0" allowfullscreen="allowfullscreen"></iframe></center></p>

<p>Autor zbiorowy</p>
<p><em>Nasz czwarty doroczny album podsumowujący fotowyprawy i będący przeglądem zdjęć, jakie wykonali uczestnicy wypraw fotograficznych Fotezji. Piękne scenerie, różnorodne autorskie estetyki i okazja, aby popatrzeć na świat przez cudze obiektywy. Od zimowej Norwegii po gorący Wietnam, od zaułków Złotej Pragi i Berlina po przestrzenie Namibii i Maroka: zapraszamy do oglądania, inspirowania się i podziwiania świata! </em><em>Przed Wami album </em><strong>Fotowyprawy 2025: Fotografie Uczestników</strong><em>.</em></p>
<p>&nbsp;</p>
<p>Książka ma postać pliku w formacie PDF, do pobrania od razu po zamówieniu. <strong>Nie wysyłamy papierowej wersji</strong>, ale jak ktoś chce, to może sobie ją wydrukować.</p>
