{"id":2201,"date":"2024-01-14T16:59:48","date_gmt":"2024-01-14T15:59:48","guid":{"rendered":"https:\/\/www.fotezja.pl\/sklep\/?post_type=product&#038;p=2201"},"modified":"2025-12-12T21:07:56","modified_gmt":"2025-12-12T20:07:56","slug":"fotowyprawy-fotezji-2023-fotografie-uczestnikow","status":"publish","type":"product","link":"https:\/\/www.fotezja.pl\/sklep\/produkt\/fotowyprawy-fotezji-2023-fotografie-uczestnikow\/","title":{"rendered":"Fotowyprawy Fotezji 2023 &#8211; fotografie uczestnik\u00f3w"},"content":{"rendered":"<h1><strong><span style=\"color: #0000ff;\">Fotowyprawy 2023 &#8211; Fotografie Uczestnik\u00f3w<br \/>\n<\/span><\/strong><\/h1>\n<p><em><strong>Ewa Prus, Piotr D\u0119bek<br \/>\n<\/strong><\/em><\/p>\n<p><em>To ju\u017c drugi nasz album, kt\u00f3ry powsta\u0142 z fotografii wykonanych przez uczestnik\u00f3w fotowypraw i warsztat\u00f3w fotograficznych Fotezji. Ponownie mamy przyjemno\u015b\u0107 zaprosi\u0107 do popatrzenia na \u015bwiat oczami fotograf\u00f3w bior\u0105cych udzia\u0142 w naszych wyjazdach. R\u00f3\u017cne estetyki, r\u00f3\u017cne wra\u017cliwo\u015bci, r\u00f3\u017cne techniki fotograficzne i r\u00f3\u017cne spojrzenia na rzeczywisto\u015b\u0107. Miejsca dalekie, jak Namibia, Wietnam, Islandia, ale te\u017c bliskie, jak \u015bwi\u0119tokrzyskie krajobrazy czy architektura Pragi i Berlina &#8211; na fotografiach w tegorocznym albumie mo\u017cna wirtualnie zwiedzi\u0107 kawa\u0142 \u015bwiata. Zapraszamy do ogl\u0105dania, inspirowania si\u0119 i podziwiania \u015bwiata! <\/em><em>Przed Wami album <\/em><strong>Fotowyprawy 2023: Fotografie Uczestnik\u00f3w<\/strong><em>.<br \/>\n<\/em><\/p>\n<h3>Przedstawiamy album fotograficzny Uczestnik\u00f3w fotowypraw 2023<\/h3>\n<p>Rzadko jest okazja, aby zobaczy\u0107 prace r\u00f3\u017cnych fotograf\u00f3w wykonane w tych samych miejscach. Nasz album daje t\u0119 unikatow\u0105 mo\u017cliwo\u015b\u0107, aby przekona\u0107 si\u0119, jak r\u00f3\u017cne kadry mog\u0105 powsta\u0107 w ramach wsp\u00f3lnych wyjazd\u00f3w. To nie miejsce tworzy fotografi\u0119, nie aparat, ale cz\u0142owiek, kt\u00f3ry patrzy i dostrzega. Warto je\u017adzi\u0107 na fotowyprawy, bo mo\u017cna si\u0119 nauczy\u0107 \u2013 nie tylko techniki, ale te\u017c jak bardzo odmienne kompozycje da si\u0119 stworzy\u0107 stoj\u0105c praktycznie rami\u0119 w rami\u0119. Ten album powsta\u0142 przede wszystkim dla uczestnik\u00f3w naszych wyjazd\u00f3w fotograficznych, aby mieli mo\u017cliwo\u015b\u0107 doko\u0144czy\u0107 fotowyprawow\u0105 edukacj\u0119 i zobaczy\u0107, co na znanych im plenerach znale\u017ali s\u0105siedzi. Mam nadziej\u0119, \u017ce album b\u0119dzie przydatny i ciekawy tak\u017ce dla os\u00f3b, kt\u00f3re jeszcze z nami nie by\u0142y, pokazuj\u0105c jak pi\u0119kny i r\u00f3\u017cnorodny jest \u015bwiat \u2013 i jak wiele jest sposob\u00f3w jego fotografowania.<\/p>\n<p>To ju\u017c drugie wydanie albumu, kt\u00f3re jednocze\u015bnie podsumowuje rok naszych wyjazd\u00f3w fotograficznych, ale te\u017c finalizuje spotkania i dyskusje o zdj\u0119ciach uczestnik\u00f3w, jakie prowadzimy w trakcie wieczornych spotka\u0144 na fotowyprawach i warsztatach. Tam rozmawiamy o pomys\u0142ach, decyzjach i wra\u017ceniach, tutaj jest okazja zobaczy\u0107 ju\u017c dzie\u0142a sko\u0144czone, dopracowane przez autor\u00f3w zgodnie z ich wizj\u0105 i wra\u017cliwo\u015bci\u0105. Z premedytacj\u0105 umieszczali\u015bmy w albumie obok siebie podobne zdj\u0119cia wykonane przez r\u00f3\u017cnych autor\u00f3w &#8211; aby \u0142atwiej by\u0142o zobaczy\u0107 r\u00f3\u017cnice i to, jak bardzo drobne decyzje kompozycyjne czy techniczne zmieniaj\u0105 efekt ko\u0144cowy. Popatrzcie przez rami\u0119 fotografom fotowypraw Fotezji 2023 \u2013 zapraszam do albumu!<\/p>\n<h3>Fotowyprawy 2023 &#8211; co jest w tej ksi\u0105\u017cce?<\/h3>\n<p class=\"western\">Album powsta\u0142 jako uzupe\u0142nienie cz\u0119\u015bci edukacyjnej naszych warsztat\u00f3w fotograficznych i fotowypraw, pozwalaj\u0105c ich uczestnikom zobaczy\u0107 co w znanych im plenerach dostrzegli inni, jak rozegrali r\u00f3\u017cne motywy, jak sobie poradzili z estetycznymi i technicznymi wyzwaniami. Mam nadziej\u0119, \u017ce z albumu skorzystaj\u0105 tak\u017ce fotoamatorzy, kt\u00f3rzy dot\u0105d nie byli naszych wyprawach, a kt\u00f3rzy w ten spos\u00f3b b\u0119d\u0105 mogli zajrze\u0107 ich uczestnikom przez rami\u0119.<\/p>\n<p class=\"western\">Wsp\u00f3lne ogl\u0105danie fotografii wykonanych przez r\u00f3\u017cne osoby w tych samych miejscach pozwala zobaczy\u0107, jak bardzo to fotograf tworzy obraz. To nie miejsce narzuca kompozycje; wr\u0119cz przeciwnie, to \u015bwiat zostaje przefiltrowany przez wra\u017cliwo\u015b\u0107 i spostrzegawczo\u015b\u0107 fotografuj\u0105cego.<\/p>\n<p>&nbsp;<\/p>\n<p class=\"western\">Setki fotografii, p\u00f3\u0142 setki fotograf\u00f3w i tyle\u017c r\u00f3\u017cnych estetyk, wizji, sposob\u00f3w patrzenia na \u015bwiat. Zapraszam do wizualnej podr\u00f3\u017cy przez \u015bwiat estetyki, krainy wra\u017cliwo\u015bci i szczyty kreatywno\u015bci.<\/p>\n<p>Autork\u0105 fotografii na ok\u0142adce jest Basia Majchrzak<\/p>\n<p><strong>380 stron, obj\u0119to\u015b\u0107 pliku 223 MB, ebook dostarczany w formie elektronicznej<\/strong><strong><br \/>\n<\/strong><\/p>\n<p>Poni\u017cej mo\u017cna obejrze\u0107 zapis internetowego wernisa\u017cu albumu.<\/p>\n<p><iframe title=\"YouTube video player\" src=\"https:\/\/www.youtube.com\/embed\/hA52HNIdERw?si=8h0jmnaGt_d8YVHN\" width=\"560\" height=\"315\" frameborder=\"0\" allowfullscreen=\"allowfullscreen\"><\/iframe><\/p>\n","protected":false},"excerpt":{"rendered":"<p>Autor zbiorowy<\/p>\n<p><em>To ju\u017c drugi nasz album, kt\u00f3ry powsta\u0142 z fotografii wykonanych przez uczestnik\u00f3w fotowypraw i warsztat\u00f3w fotograficznych Fotezji. Ponownie mamy przyjemno\u015b\u0107 zaprosi\u0107 do popatrzenia na \u015bwiat oczami fotograf\u00f3w bior\u0105cych udzia\u0142 w naszych wyjazdach. R\u00f3\u017cne estetyki, r\u00f3\u017cne wra\u017cliwo\u015bci, r\u00f3\u017cne techniki fotograficzne i r\u00f3\u017cne spojrzenia na rzeczywisto\u015b\u0107. Miejsca dalekie, jak Namibia, Wietnam, Islandia, ale te\u017c bliskie, jak \u015bwi\u0119tokrzyskie krajobrazy czy architektura Pragi i Berlina &#8211; na fotografiach w tegorocznym albumie mo\u017cna wirtualnie zwiedzi\u0107 kawa\u0142 \u015bwiata. Zapraszamy do ogl\u0105dania, inspirowania si\u0119 i podziwiania \u015bwiata! <\/em><em>Przed Wami album <\/em><strong>Fotowyprawy 2023: Fotografie Uczestnik\u00f3w<\/strong><em>.<\/em><\/p>\n<p>&nbsp;<\/p>\n<p>Ksi\u0105\u017cka ma posta\u0107 pliku w formacie PDF, do pobrania od razu po zam\u00f3wieniu. <strong>Nie wysy\u0142amy papierowej wersji<\/strong>, ale jak kto\u015b chce, to mo\u017ce sobie j\u0105 wydrukowa\u0107.<\/p>\n","protected":false},"featured_media":2202,"comment_status":"open","ping_status":"closed","template":"","meta":[],"product_brand":[],"product_cat":[49],"product_tag":[],"class_list":{"0":"post-2201","1":"product","2":"type-product","3":"status-publish","4":"has-post-thumbnail","6":"product_cat-bezplatne-albumy","8":"first","9":"instock","10":"downloadable","11":"virtual","12":"sold-individually","13":"purchasable","14":"product-type-simple"},"_links":{"self":[{"href":"https:\/\/www.fotezja.pl\/sklep\/wp-json\/wp\/v2\/product\/2201","targetHints":{"allow":["GET"]}}],"collection":[{"href":"https:\/\/www.fotezja.pl\/sklep\/wp-json\/wp\/v2\/product"}],"about":[{"href":"https:\/\/www.fotezja.pl\/sklep\/wp-json\/wp\/v2\/types\/product"}],"replies":[{"embeddable":true,"href":"https:\/\/www.fotezja.pl\/sklep\/wp-json\/wp\/v2\/comments?post=2201"}],"wp:featuredmedia":[{"embeddable":true,"href":"https:\/\/www.fotezja.pl\/sklep\/wp-json\/wp\/v2\/media\/2202"}],"wp:attachment":[{"href":"https:\/\/www.fotezja.pl\/sklep\/wp-json\/wp\/v2\/media?parent=2201"}],"wp:term":[{"taxonomy":"product_brand","embeddable":true,"href":"https:\/\/www.fotezja.pl\/sklep\/wp-json\/wp\/v2\/product_brand?post=2201"},{"taxonomy":"product_cat","embeddable":true,"href":"https:\/\/www.fotezja.pl\/sklep\/wp-json\/wp\/v2\/product_cat?post=2201"},{"taxonomy":"product_tag","embeddable":true,"href":"https:\/\/www.fotezja.pl\/sklep\/wp-json\/wp\/v2\/product_tag?post=2201"}],"curies":[{"name":"wp","href":"https:\/\/api.w.org\/{rel}","templated":true}]}}