{"id":1005,"date":"2020-01-01T02:47:01","date_gmt":"2020-01-01T01:47:01","guid":{"rendered":"https:\/\/www.fotezja.pl\/sklep\/?post_type=product&#038;p=1005"},"modified":"2024-03-27T01:56:23","modified_gmt":"2024-03-27T00:56:23","slug":"fotobook-siedem-fotografii-i-poradnik-fotografowania","status":"publish","type":"product","link":"https:\/\/www.fotezja.pl\/sklep\/produkt\/fotobook-siedem-fotografii-i-poradnik-fotografowania\/","title":{"rendered":"Fotobook: Siedem fotografii I &#8211; poradnik fotografowania"},"content":{"rendered":"<p>Oto poradnik fotograficzny w por\u0119cznym formacie PDF, kt\u00f3ry  na siedmiu przyk\u0142adach omawia techniki fotograficzne, decyzje estetyczne i metody komputerowej edycji zdj\u0119\u0107, jakie sta\u0142y za powstaniem wybranych zdj\u0119\u0107.<\/p>\n<h3>Fotografia to decyzje!<\/h3>\n<p>Atrakcyjna fotografia pejza\u017cowa to moment i miejsce, ale tak\u017ce decyzje. Decyzje co do tego, jak skomponowa\u0107 kadr, w kt\u00f3rym momencie wcisn\u0105\u0107 spust migawki, jak ustawi\u0107 ekspozycj\u0119, jak rozwi\u0105za\u0107 problemy i jak wykorzysta\u0107 mo\u017cliwo\u015bci. Na nast\u0119pnych stronach opowiadam o powstaniu siedmiu fotografii, prezentuj\u0105c zar\u00f3wno miejsce i czas ich wykonania, u\u017cyty sprz\u0119t, jak i decyzje, kt\u00f3re podejmowa\u0142em przed wci\u015bni\u0119ciem spustu migawki. Nie zabrak\u0142o te\u017c wyja\u015bnie\u0144 dotycz\u0105cych finalnego kroku w nadawaniu pomys\u0142om formy, czyli przedstawienia edycji komputerowej materia\u0142u.<\/p>\n<h3>Poradnik fotograficzny dla ka\u017cdego!<\/h3>\n<p>Z samego ogl\u0105dania zdj\u0119\u0107 mo\u017cna si\u0119 sporo nauczy\u0107, nie da si\u0119 jednak dowiedzie\u0107, z jakimi dylematami mierzy\u0142 si\u0119 fotograf, na co zwraca\u0142 uwag\u0119 przed wci\u015bni\u0119ciem migawki czy te\u017c co zwr\u00f3ci\u0142o jego uwag\u0119. Dla widza liczy si\u0119 tylko zdj\u0119cie, ale dla nauki cenne i pouczaj\u0105ce jest zajrzenie fotografowi przez rami\u0119 \u2013 nie po to, aby p\u00f3\u017aniej wiernie na\u015bladowa\u0107, ale aby zrozumie\u0107 spos\u00f3b my\u015blenia, nauczy\u0107 si\u0119 zauwa\u017ca\u0107 te same mo\u017cliwo\u015bci i zwraca\u0107 uwag\u0119 na te same wyzwania. Mam nadziej\u0119, \u017ce lektura tego fotobooka b\u0119dzie zar\u00f3wno ciekawa, jak i pouczaj\u0105ca.<\/p>\n<p>Warto zwr\u00f3ci\u0107 uwag\u0119, \u017ce przy wskazaniu miejsca wykonania zdj\u0119cia nazwa jest adresem internetowym \u2013 wystarczy w ni\u0105 klikn\u0105\u0107, aby przenie\u015b\u0107 si\u0119 na Google Maps i znale\u017a\u0107 si\u0119 w miejscu, gdzie sta\u0142 aparat.<\/p>\n<p>\u017bycz\u0119 przyjemnej i po\u017cytecznej lektury!<\/p>\n<h3>Fragment fotobooka &#8220;Siedem fotografii I&#8221;<\/h3>\n<p>&#8220;<a href=\"https:\/\/www.fotezja.pl\/fotografia-w-podrozy\/wschod-slonca-gorach\/\" target=\"_blank\" rel=\"noopener noreferrer\"><span style=\"color: #ff0000;\">Wsch\u00f3d s\u0142o\u0144ca w g\u00f3rach<\/span><\/a>&#8221; to jeden z rozdzia\u0142\u00f3w fotobooka &#8211; mo\u017cna go przeczyta\u0107 na portalu<a href=\"https:\/\/www.fotezja.pl\/\" target=\"_blank\" rel=\"noopener noreferrer\"> Fotezja.pl<\/a>.<\/p>\n<p>&nbsp;<\/p>\n<p><strong>34 strony, obj\u0119to\u015b\u0107 pliku 7,5 MB, ebook dostarczany w formie elektronicznej<br \/>\n<\/strong><\/p>\n<h3>Zobacz wybrane strony tego e-booka:<\/h3>\n<div id=\"jig1\" class=\"justified-image-grid jig-e58dd24697f88f456ad1d5909689f486 jig-preset-global jig-source-wp-gallery\"><div class=\"jig-clearfix\"><\/div><noscript id=\"jig1-html\" class=\"justified-image-grid-html\" data-lazy-src=\"skiplazyload\" data-src=\"skipunveillazyload\"><ul><li><a href=\"https:\/\/www.fotezja.pl\/sklep\/wp-content\/uploads\/sites\/5\/2020\/01\/Siedem_Fotografii_1_okladka.jpg\" title=\"Siedem_Fotografii_1_okladka\"><img fetchpriority=\"high\" decoding=\"async\" src=\"https:\/\/www.fotezja.pl\/sklep\/wp-content\/plugins\/justified-image-grid\/timthumb.php?src=https%3A%2F%2Fwww.fotezja.pl%2Fsklep%2Fwp-content%2Fuploads%2Fsites%2F5%2F2020%2F01%2FSiedem_Fotografii_1_okladka.jpg&amp;h=310&amp;q=90&amp;f=.jpg\" alt=\"Siedem_Fotografii_1_okladka\" width=\"496\" height=\"310\" \/><\/a><p class=\"jig-HTMLdescription\">Siedem_Fotografii_1_okladka<\/p><\/li><li><a href=\"https:\/\/www.fotezja.pl\/sklep\/wp-content\/uploads\/sites\/5\/2020\/01\/Siedem_Fotografii_1_3.jpg\" title=\"Siedem_Fotografii_1_3\"><img decoding=\"async\" src=\"https:\/\/www.fotezja.pl\/sklep\/wp-content\/plugins\/justified-image-grid\/timthumb.php?src=https%3A%2F%2Fwww.fotezja.pl%2Fsklep%2Fwp-content%2Fuploads%2Fsites%2F5%2F2020%2F01%2FSiedem_Fotografii_1_3.jpg&amp;h=310&amp;q=90&amp;f=.jpg\" alt=\"Siedem_Fotografii_1_3\" width=\"496\" height=\"310\" \/><\/a><p class=\"jig-HTMLdescription\">Siedem_Fotografii_1_3<\/p><\/li><li><a href=\"https:\/\/www.fotezja.pl\/sklep\/wp-content\/uploads\/sites\/5\/2020\/01\/Siedem_Fotografii_1_4.jpg\" title=\"Siedem_Fotografii_1_4\"><img decoding=\"async\" src=\"https:\/\/www.fotezja.pl\/sklep\/wp-content\/plugins\/justified-image-grid\/timthumb.php?src=https%3A%2F%2Fwww.fotezja.pl%2Fsklep%2Fwp-content%2Fuploads%2Fsites%2F5%2F2020%2F01%2FSiedem_Fotografii_1_4.jpg&amp;h=310&amp;q=90&amp;f=.jpg\" alt=\"Siedem_Fotografii_1_4\" width=\"496\" height=\"310\" \/><\/a><p class=\"jig-HTMLdescription\">Siedem_Fotografii_1_4<\/p><\/li><li><a href=\"https:\/\/www.fotezja.pl\/sklep\/wp-content\/uploads\/sites\/5\/2020\/01\/Siedem_Fotografii_1_5.jpg\" title=\"Siedem_Fotografii_1_5\"><img loading=\"lazy\" decoding=\"async\" src=\"https:\/\/www.fotezja.pl\/sklep\/wp-content\/plugins\/justified-image-grid\/timthumb.php?src=https%3A%2F%2Fwww.fotezja.pl%2Fsklep%2Fwp-content%2Fuploads%2Fsites%2F5%2F2020%2F01%2FSiedem_Fotografii_1_5.jpg&amp;h=310&amp;q=90&amp;f=.jpg\" alt=\"Siedem_Fotografii_1_5\" width=\"496\" height=\"310\" \/><\/a><p class=\"jig-HTMLdescription\">Siedem_Fotografii_1_5<\/p><\/li><li><a href=\"https:\/\/www.fotezja.pl\/sklep\/wp-content\/uploads\/sites\/5\/2020\/01\/Siedem_Fotografii_1_6.jpg\" title=\"Siedem_Fotografii_1_6\"><img loading=\"lazy\" decoding=\"async\" src=\"https:\/\/www.fotezja.pl\/sklep\/wp-content\/plugins\/justified-image-grid\/timthumb.php?src=https%3A%2F%2Fwww.fotezja.pl%2Fsklep%2Fwp-content%2Fuploads%2Fsites%2F5%2F2020%2F01%2FSiedem_Fotografii_1_6.jpg&amp;h=310&amp;q=90&amp;f=.jpg\" alt=\"Siedem_Fotografii_1_6\" width=\"496\" height=\"310\" \/><\/a><p class=\"jig-HTMLdescription\">Siedem_Fotografii_1_6<\/p><\/li><li><a href=\"https:\/\/www.fotezja.pl\/sklep\/wp-content\/uploads\/sites\/5\/2020\/01\/Siedem_Fotografii_1_7.jpg\" title=\"Siedem_Fotografii_1_7\"><img loading=\"lazy\" decoding=\"async\" src=\"https:\/\/www.fotezja.pl\/sklep\/wp-content\/plugins\/justified-image-grid\/timthumb.php?src=https%3A%2F%2Fwww.fotezja.pl%2Fsklep%2Fwp-content%2Fuploads%2Fsites%2F5%2F2020%2F01%2FSiedem_Fotografii_1_7.jpg&amp;h=310&amp;q=90&amp;f=.jpg\" alt=\"Siedem_Fotografii_1_7\" width=\"496\" height=\"310\" \/><\/a><p class=\"jig-HTMLdescription\">Siedem_Fotografii_1_7<\/p><\/li><li><a href=\"https:\/\/www.fotezja.pl\/sklep\/wp-content\/uploads\/sites\/5\/2020\/01\/Siedem_Fotografii_1_8.jpg\" title=\"Siedem_Fotografii_1_8\"><img loading=\"lazy\" decoding=\"async\" src=\"https:\/\/www.fotezja.pl\/sklep\/wp-content\/plugins\/justified-image-grid\/timthumb.php?src=https%3A%2F%2Fwww.fotezja.pl%2Fsklep%2Fwp-content%2Fuploads%2Fsites%2F5%2F2020%2F01%2FSiedem_Fotografii_1_8.jpg&amp;h=310&amp;q=90&amp;f=.jpg\" alt=\"Siedem_Fotografii_1_8\" width=\"496\" height=\"310\" \/><\/a><p class=\"jig-HTMLdescription\">Siedem_Fotografii_1_8<\/p><\/li><\/ul><\/noscript><\/div>\n","protected":false},"excerpt":{"rendered":"<p>Autor: Piotr D\u0119bek<br \/>\nSiedem autorskich fotografii pejza\u017cowych i opis ich powstania, zawieraj\u0105cy zar\u00f3wno wskazanie (na mapie!) miejsca oraz godziny wykonania zdj\u0119cia, jak te\u017c opisuj\u0105cy decyzje i czynniki wp\u0142ywaj\u0105ce na finalny obraz. Om\u00f3wione zosta\u0142y parametry ekspozycji, dob\u00f3r sprz\u0119tu, decyzje kompozycyjne, a tak\u017ce zastosowane techniki edycji komputerowej.<\/p>\n<p>Ksi\u0105\u017cka ma posta\u0107 pliku w formacie PDF, do pobrania od razu po op\u0142aceniu. <strong>Nie wysy\u0142amy papierowej wersji<\/strong>, ale jak kto\u015b chce, to mo\u017ce sobie j\u0105 wydrukowa\u0107.<\/p>\n","protected":false},"featured_media":1016,"comment_status":"open","ping_status":"closed","template":"","meta":[],"product_brand":[],"product_cat":[29],"product_tag":[],"class_list":{"0":"post-1005","1":"product","2":"type-product","3":"status-publish","4":"has-post-thumbnail","6":"product_cat-fotobooki","8":"first","9":"instock","10":"downloadable","11":"virtual","12":"sold-individually","13":"taxable","14":"purchasable","15":"product-type-simple"},"_links":{"self":[{"href":"https:\/\/www.fotezja.pl\/sklep\/wp-json\/wp\/v2\/product\/1005","targetHints":{"allow":["GET"]}}],"collection":[{"href":"https:\/\/www.fotezja.pl\/sklep\/wp-json\/wp\/v2\/product"}],"about":[{"href":"https:\/\/www.fotezja.pl\/sklep\/wp-json\/wp\/v2\/types\/product"}],"replies":[{"embeddable":true,"href":"https:\/\/www.fotezja.pl\/sklep\/wp-json\/wp\/v2\/comments?post=1005"}],"wp:featuredmedia":[{"embeddable":true,"href":"https:\/\/www.fotezja.pl\/sklep\/wp-json\/wp\/v2\/media\/1016"}],"wp:attachment":[{"href":"https:\/\/www.fotezja.pl\/sklep\/wp-json\/wp\/v2\/media?parent=1005"}],"wp:term":[{"taxonomy":"product_brand","embeddable":true,"href":"https:\/\/www.fotezja.pl\/sklep\/wp-json\/wp\/v2\/product_brand?post=1005"},{"taxonomy":"product_cat","embeddable":true,"href":"https:\/\/www.fotezja.pl\/sklep\/wp-json\/wp\/v2\/product_cat?post=1005"},{"taxonomy":"product_tag","embeddable":true,"href":"https:\/\/www.fotezja.pl\/sklep\/wp-json\/wp\/v2\/product_tag?post=1005"}],"curies":[{"name":"wp","href":"https:\/\/api.w.org\/{rel}","templated":true}]}}