{"id":389,"date":"2019-04-22T19:00:58","date_gmt":"2019-04-22T17:00:58","guid":{"rendered":"https:\/\/www.fotezja.pl\/fotowyprawy\/?page_id=389"},"modified":"2026-02-20T13:48:14","modified_gmt":"2026-02-20T12:48:14","slug":"kontakt-do-bp-fotezja","status":"publish","type":"page","link":"https:\/\/www.fotezja.pl\/fotowyprawy\/kontakt-do-bp-fotezja\/","title":{"rendered":"Kontakt do BP Fotezja"},"content":{"rendered":"<p><a href=\"https:\/\/www.fotezja.pl\/fotowyprawy\/kontakt-do-bp-fotezja\/ptr_3311-3315_pasek\/\" rel=\"attachment wp-att-396\"><img decoding=\"async\" loading=\"lazy\" class=\"size-full wp-image-396 aligncenter\" src=\"https:\/\/www.fotezja.pl\/fotowyprawy\/wp-content\/uploads\/sites\/6\/2019\/04\/PTR_3311-3315_pasek.jpg\" alt=\"Oczko wodne na Islandii, kontakt do biura podr\u00f3\u017cy Fotezja\" width=\"1140\" height=\"262\" srcset=\"https:\/\/www.fotezja.pl\/fotowyprawy\/wp-content\/uploads\/sites\/6\/2019\/04\/PTR_3311-3315_pasek.jpg 1140w, https:\/\/www.fotezja.pl\/fotowyprawy\/wp-content\/uploads\/sites\/6\/2019\/04\/PTR_3311-3315_pasek-300x69.jpg 300w, https:\/\/www.fotezja.pl\/fotowyprawy\/wp-content\/uploads\/sites\/6\/2019\/04\/PTR_3311-3315_pasek-770x177.jpg 770w, https:\/\/www.fotezja.pl\/fotowyprawy\/wp-content\/uploads\/sites\/6\/2019\/04\/PTR_3311-3315_pasek-1024x235.jpg 1024w, https:\/\/www.fotezja.pl\/fotowyprawy\/wp-content\/uploads\/sites\/6\/2019\/04\/PTR_3311-3315_pasek-500x115.jpg 500w, https:\/\/www.fotezja.pl\/fotowyprawy\/wp-content\/uploads\/sites\/6\/2019\/04\/PTR_3311-3315_pasek-293x67.jpg 293w\" sizes=\"auto, (max-width: 1140px) 100vw, 1140px\" \/><noscript><img decoding=\"async\" class=\"size-full wp-image-396 aligncenter\" src=\"https:\/\/www.fotezja.pl\/fotowyprawy\/wp-content\/uploads\/sites\/6\/2019\/04\/PTR_3311-3315_pasek.jpg\" alt=\"Oczko wodne na Islandii, kontakt do biura podr\u00f3\u017cy Fotezja\" width=\"1140\" height=\"262\" srcset=\"https:\/\/www.fotezja.pl\/fotowyprawy\/wp-content\/uploads\/sites\/6\/2019\/04\/PTR_3311-3315_pasek.jpg 1140w, https:\/\/www.fotezja.pl\/fotowyprawy\/wp-content\/uploads\/sites\/6\/2019\/04\/PTR_3311-3315_pasek-300x69.jpg 300w, https:\/\/www.fotezja.pl\/fotowyprawy\/wp-content\/uploads\/sites\/6\/2019\/04\/PTR_3311-3315_pasek-770x177.jpg 770w, https:\/\/www.fotezja.pl\/fotowyprawy\/wp-content\/uploads\/sites\/6\/2019\/04\/PTR_3311-3315_pasek-1024x235.jpg 1024w, https:\/\/www.fotezja.pl\/fotowyprawy\/wp-content\/uploads\/sites\/6\/2019\/04\/PTR_3311-3315_pasek-500x115.jpg 500w, https:\/\/www.fotezja.pl\/fotowyprawy\/wp-content\/uploads\/sites\/6\/2019\/04\/PTR_3311-3315_pasek-293x67.jpg 293w\" sizes=\"(max-width: 1140px) 100vw, 1140px\" \/><\/noscript><\/a><\/p>\n<p>Napisz do nas! Je\u015bli masz jakie\u015b pytania odno\u015bnie organizowanych przez nas warsztat\u00f3w fotograficznych lub fotowypraw, chcia\u0142by\u015b si\u0119 dopyta\u0107 si\u0119 o kwestie, kt\u00f3rych nie znalaz\u0142e\u015b w podanych informacjach lub rozwia\u0107 w\u0105tpliwo\u015bci co do udzia\u0142u w jednej z naszych imprez &#8211; daj nam szans\u0119 i skontaktuj si\u0119 z nami!<\/p>\n<p style=\"text-align: center;\">Mo\u017cesz te\u017c do nas zadzwoni\u0107 codziennie w godzinach <strong>od 14 do 20<\/strong>:<br \/>\n<a href=\"tel:+48531851081\">+48531851081<\/a><\/p>\n\n<div class=\"wpcf7 no-js\" id=\"wpcf7-f316-o1\" lang=\"pl-PL\" dir=\"ltr\" data-wpcf7-id=\"316\">\n<div class=\"screen-reader-response\"><p role=\"status\" aria-live=\"polite\" aria-atomic=\"true\"><\/p> <ul><\/ul><\/div>\n<form action=\"\/fotowyprawy\/wp-json\/wp\/v2\/pages\/389#wpcf7-f316-o1\" method=\"post\" class=\"wpcf7-form init\" aria-label=\"Formularz kontaktowy\" novalidate=\"novalidate\" data-status=\"init\">\n<fieldset class=\"hidden-fields-container\"><input type=\"hidden\" name=\"_wpcf7\" value=\"316\" \/><input type=\"hidden\" name=\"_wpcf7_version\" value=\"6.1.5\" \/><input type=\"hidden\" name=\"_wpcf7_locale\" value=\"pl_PL\" \/><input type=\"hidden\" name=\"_wpcf7_unit_tag\" value=\"wpcf7-f316-o1\" \/><input type=\"hidden\" name=\"_wpcf7_container_post\" value=\"0\" \/><input type=\"hidden\" name=\"_wpcf7_posted_data_hash\" value=\"\" \/><input type=\"hidden\" name=\"_wpcf7_recaptcha_response\" value=\"\" \/>\n<\/fieldset>\n<p><label> Imi\u0119 i nazwisko (wymagane)<br \/>\n<span class=\"wpcf7-form-control-wrap\" data-name=\"your-name\"><input size=\"40\" maxlength=\"400\" class=\"wpcf7-form-control wpcf7-text wpcf7-validates-as-required\" aria-required=\"true\" aria-invalid=\"false\" value=\"\" type=\"text\" name=\"your-name\" \/><\/span> <\/label>\n<\/p>\n<p><label> Adres email (wymagane)<br \/>\n<span class=\"wpcf7-form-control-wrap\" data-name=\"your-email\"><input size=\"40\" maxlength=\"400\" class=\"wpcf7-form-control wpcf7-email wpcf7-validates-as-required wpcf7-text wpcf7-validates-as-email\" aria-required=\"true\" aria-invalid=\"false\" value=\"\" type=\"email\" name=\"your-email\" \/><\/span> <\/label>\n<\/p>\n<p><label> Temat<br \/>\n<span class=\"wpcf7-form-control-wrap\" data-name=\"your-subject\"><input size=\"40\" maxlength=\"400\" class=\"wpcf7-form-control wpcf7-text\" aria-invalid=\"false\" value=\"\" type=\"text\" name=\"your-subject\" \/><\/span> <\/label>\n<\/p>\n<p><label> Tre\u015b\u0107 wiadomo\u015bci<br \/>\n<span class=\"wpcf7-form-control-wrap\" data-name=\"your-message\"><textarea cols=\"40\" rows=\"10\" maxlength=\"2000\" class=\"wpcf7-form-control wpcf7-textarea\" aria-invalid=\"false\" name=\"your-message\"><\/textarea><\/span> <\/label>\n<\/p>\n\n<p><input class=\"wpcf7-form-control wpcf7-submit has-spinner\" type=\"submit\" value=\"Wy\u015blij\" \/>\n<\/p><div class=\"wpcf7-response-output\" aria-hidden=\"true\"><\/div>\n<\/form>\n<\/div>\n\n","protected":false},"excerpt":{"rendered":"<p>Napisz do nas! Je\u015bli masz jakie\u015b pytania odno\u015bnie organizowanych przez nas warsztat\u00f3w fotograficznych lub fotowypraw, chcia\u0142by\u015b si\u0119 dopyta\u0107 si\u0119 o kwestie, kt\u00f3rych nie znalaz\u0142e\u015b w podanych informacjach lub rozwia\u0107 w\u0105tpliwo\u015bci co do udzia\u0142u w jednej z naszych imprez &#8211; daj nam szans\u0119 i skontaktuj si\u0119 z nami! Mo\u017cesz te\u017c do nas zadzwoni\u0107 codziennie w godzinach od 14 do 20: +48531851081<\/p>\n","protected":false},"author":1,"featured_media":0,"parent":0,"menu_order":0,"comment_status":"closed","ping_status":"closed","template":"","meta":{"footnotes":"","_links_to":"","_links_to_target":""},"class_list":["post-389","page","type-page","status-publish","hentry"],"_links":{"self":[{"href":"https:\/\/www.fotezja.pl\/fotowyprawy\/wp-json\/wp\/v2\/pages\/389","targetHints":{"allow":["GET"]}}],"collection":[{"href":"https:\/\/www.fotezja.pl\/fotowyprawy\/wp-json\/wp\/v2\/pages"}],"about":[{"href":"https:\/\/www.fotezja.pl\/fotowyprawy\/wp-json\/wp\/v2\/types\/page"}],"author":[{"embeddable":true,"href":"https:\/\/www.fotezja.pl\/fotowyprawy\/wp-json\/wp\/v2\/users\/1"}],"replies":[{"embeddable":true,"href":"https:\/\/www.fotezja.pl\/fotowyprawy\/wp-json\/wp\/v2\/comments?post=389"}],"version-history":[{"count":14,"href":"https:\/\/www.fotezja.pl\/fotowyprawy\/wp-json\/wp\/v2\/pages\/389\/revisions"}],"predecessor-version":[{"id":15360,"href":"https:\/\/www.fotezja.pl\/fotowyprawy\/wp-json\/wp\/v2\/pages\/389\/revisions\/15360"}],"wp:attachment":[{"href":"https:\/\/www.fotezja.pl\/fotowyprawy\/wp-json\/wp\/v2\/media?parent=389"}],"curies":[{"name":"wp","href":"https:\/\/api.w.org\/{rel}","templated":true}]}}

<p><a href="https://www.fotezja.pl/fotowyprawy/kontakt-do-bp-fotezja/ptr_3311-3315_pasek/" rel="attachment wp-att-396"><img decoding="async" loading="lazy" class="size-full wp-image-396 aligncenter" src="https://www.fotezja.pl/fotowyprawy/wp-content/uploads/sites/6/2019/04/PTR_3311-3315_pasek.jpg" alt="Oczko wodne na Islandii, kontakt do biura podróży Fotezja" width="1140" height="262" srcset="https://www.fotezja.pl/fotowyprawy/wp-content/uploads/sites/6/2019/04/PTR_3311-3315_pasek.jpg 1140w, https://www.fotezja.pl/fotowyprawy/wp-content/uploads/sites/6/2019/04/PTR_3311-3315_pasek-300x69.jpg 300w, https://www.fotezja.pl/fotowyprawy/wp-content/uploads/sites/6/2019/04/PTR_3311-3315_pasek-770x177.jpg 770w, https://www.fotezja.pl/fotowyprawy/wp-content/uploads/sites/6/2019/04/PTR_3311-3315_pasek-1024x235.jpg 1024w, https://www.fotezja.pl/fotowyprawy/wp-content/uploads/sites/6/2019/04/PTR_3311-3315_pasek-500x115.jpg 500w, https://www.fotezja.pl/fotowyprawy/wp-content/uploads/sites/6/2019/04/PTR_3311-3315_pasek-293x67.jpg 293w" sizes="auto, (max-width: 1140px) 100vw, 1140px" /><noscript><img decoding="async" class="size-full wp-image-396 aligncenter" src="https://www.fotezja.pl/fotowyprawy/wp-content/uploads/sites/6/2019/04/PTR_3311-3315_pasek.jpg" alt="Oczko wodne na Islandii, kontakt do biura podróży Fotezja" width="1140" height="262" srcset="https://www.fotezja.pl/fotowyprawy/wp-content/uploads/sites/6/2019/04/PTR_3311-3315_pasek.jpg 1140w, https://www.fotezja.pl/fotowyprawy/wp-content/uploads/sites/6/2019/04/PTR_3311-3315_pasek-300x69.jpg 300w, https://www.fotezja.pl/fotowyprawy/wp-content/uploads/sites/6/2019/04/PTR_3311-3315_pasek-770x177.jpg 770w, https://www.fotezja.pl/fotowyprawy/wp-content/uploads/sites/6/2019/04/PTR_3311-3315_pasek-1024x235.jpg 1024w, https://www.fotezja.pl/fotowyprawy/wp-content/uploads/sites/6/2019/04/PTR_3311-3315_pasek-500x115.jpg 500w, https://www.fotezja.pl/fotowyprawy/wp-content/uploads/sites/6/2019/04/PTR_3311-3315_pasek-293x67.jpg 293w" sizes="(max-width: 1140px) 100vw, 1140px" /></noscript></a></p>
<p>Napisz do nas! Jeśli masz jakieś pytania odnośnie organizowanych przez nas warsztatów fotograficznych lub fotowypraw, chciałbyś się dopytać się o kwestie, których nie znalazłeś w podanych informacjach lub rozwiać wątpliwości co do udziału w jednej z naszych imprez &#8211; daj nam szansę i skontaktuj się z nami!</p>
<p style="text-align: center;">Możesz też do nas zadzwonić codziennie w godzinach <strong>od 14 do 20</strong>:<br />
<a href="tel:+48531851081">+48531851081</a></p>

<div class="wpcf7 no-js" id="wpcf7-f316-o1" lang="pl-PL" dir="ltr" data-wpcf7-id="316">
<div class="screen-reader-response"><p role="status" aria-live="polite" aria-atomic="true"></p> <ul></ul></div>
<form action="/fotowyprawy/wp-json/wp/v2/pages/389#wpcf7-f316-o1" method="post" class="wpcf7-form init" aria-label="Formularz kontaktowy" novalidate="novalidate" data-status="init">
<fieldset class="hidden-fields-container"><input type="hidden" name="_wpcf7" value="316" /><input type="hidden" name="_wpcf7_version" value="6.1.5" /><input type="hidden" name="_wpcf7_locale" value="pl_PL" /><input type="hidden" name="_wpcf7_unit_tag" value="wpcf7-f316-o1" /><input type="hidden" name="_wpcf7_container_post" value="0" /><input type="hidden" name="_wpcf7_posted_data_hash" value="" /><input type="hidden" name="_wpcf7_recaptcha_response" value="" />
</fieldset>
<p><label> Imię i nazwisko (wymagane)<br />
<span class="wpcf7-form-control-wrap" data-name="your-name"><input size="40" maxlength="400" class="wpcf7-form-control wpcf7-text wpcf7-validates-as-required" aria-required="true" aria-invalid="false" value="" type="text" name="your-name" /></span> </label>
</p>
<p><label> Adres email (wymagane)<br />
<span class="wpcf7-form-control-wrap" data-name="your-email"><input size="40" maxlength="400" class="wpcf7-form-control wpcf7-email wpcf7-validates-as-required wpcf7-text wpcf7-validates-as-email" aria-required="true" aria-invalid="false" value="" type="email" name="your-email" /></span> </label>
</p>
<p><label> Temat<br />
<span class="wpcf7-form-control-wrap" data-name="your-subject"><input size="40" maxlength="400" class="wpcf7-form-control wpcf7-text" aria-invalid="false" value="" type="text" name="your-subject" /></span> </label>
</p>
<p><label> Treść wiadomości<br />
<span class="wpcf7-form-control-wrap" data-name="your-message"><textarea cols="40" rows="10" maxlength="2000" class="wpcf7-form-control wpcf7-textarea" aria-invalid="false" name="your-message"></textarea></span> </label>
</p>

<p><input class="wpcf7-form-control wpcf7-submit has-spinner" type="submit" value="Wyślij" />
</p><div class="wpcf7-response-output" aria-hidden="true"></div>
</form>
</div>

<p>Napisz do nas! Jeśli masz jakieś pytania odnośnie organizowanych przez nas warsztatów fotograficznych lub fotowypraw, chciałbyś się dopytać się o kwestie, których nie znalazłeś w podanych informacjach lub rozwiać wątpliwości co do udziału w jednej z naszych imprez &#8211; daj nam szansę i skontaktuj się z nami! Możesz też do nas zadzwonić codziennie w godzinach od 14 do 20: +48531851081</p>
